11).
5
Calculate 59 - 62 - (0 + -3 + -1).
1
Evaluate 6 + -6 + (-1 - -2).
1
What is the value of -1 - (-3 - -3) - 0?
-1
Evaluate 0 - ((4 - -3) + -3).
-4
-9 + 21 + 10 + -20
2
Calculate -1 - (3 - 2 - (-3 + 5)).
0
What is the value of (5 - -2) + (-3 - -1)?
5
Evaluate -8 - (0 + -6 + -5).
3
What is -1 + (4 - (-3 - (-1 - 8)))?
-3
What is -8 - (-8 + 1 + -2)?
1
What is the value of 20 + -30 - (-4 + -3)?
-3
Calculate 8 + (-16 - -18) + -4 + -5.
1
9 + (0 - -5 - 13) + 4
5
Evaluate (2 - 4) + 6 + -8.
-4
Evaluate -7 - ((-3 - 2) + 3).
-5
Evaluate -6 - (2 + 2 + -5).
-5
-6 - (-6 + -7 + 6)
1
What is the value of -7 + 14 - 10 - 0?
-3
(1 - 13) + -23 + 27
-8
Calculate 1 + -11 + 11 - (5 - 1).
-3
What is (62 - 58) + 1 + -17 - -6?
-6
What is -8 - (-6 - (3 + -4))?
-3
What is the value of -4 + 0 - (-6 + 6) - 0?
-4
Evaluate (3 - 0) + (5 - 4) + -5.
-1
Evaluate 0 + -1 - (15 + -12).
-4
What is 4 + (-4 - -3 - 0)?
3
Evaluate 4 - (-1 - -5) - -4.
4
What is the value of 2 + -2 - (-1 + -2 + -1)?
4
-6 - ((-1 - 10) + (2 - -5))
-2
What is the value of -2 + (-2 - -1) - -3?
0
-6 + -9 + -5 + 28
8
Calculate 8 + -5 + 0 + -1 + 4.
6
What is 3 - (4 - (-1 + 0))?
-2
What is -13 + 18 + (-1 - 3)?
1
What is the value of 1 + (-6 - -6) + 6 - 12?
-5
Evaluate 12 - (-2 + (8 - -3)).
3
What is the value of 9 + (-9 - (-6 + 3))?
3
Calculate 19 + -29 - (-5 - 10).
5
What is 4 - (2 + (-2 - (-4 - -5)))?
5
-25 - -26 - (4 - -5)
-8
Evaluate 206 + -208 - (-2 + 1 + 2).
-3
Evaluate -2 + 1 - (14 - 10).
-5
Evaluate (-1 - (-1 + -1)) + 9 + -6.
4
Evaluate 5 - (5 + 1 + 6 - 2).
-5
What is the value of (-4 - -11) + -8 - 0?
-1
(-3 - -7 - 1) + -3
0
What is -14 + (-3 - -3) + 14?
0
Calculate (2 - 8) + 10 + -8 + 1.
-3
Evaluate 0 + -1 + -1 + (-9 - -8).
-3
What is the value of 3 + 2 - (45 + -46)?
6
Evaluate 3 - (3 + 2 + -2).
0
Evaluate 1 + 2 + 0 + (-6 - -7).
4
What is the value of 3 - 2 - ((7 - 1) + -2)?
-3
Calculate -4 + 2 + 5 + -1 + -7.
-5
What is the value of -77 + 74 - (1 - (-4 - -1))?
-7
0 + 2 + 6 + 17 + -20
5
What is the value of -10 - (14 + -12 + -15)?
3
Evaluate -1 - ((7 - -1 - 7) + -6).
4
Calculate 4 + (-1 - -2) + -10.
-5
Calculate 0 + 1 - (4 - 6).
3
Calculate 2 + (-4 + 10 - 8).
0
Evaluate 7 + -4 + -3 + 3.
3
What is the value of 4 + (-3 - (2 + -4))?
3
-3 - (5 + -6 + 5 + -5)
-2
What is (-5 - 7) + 6 - (1 + -5)?
-2
What is the value of (6 - 10) + -2 + 2 + 3?
-1
Calculate 12 + -9 + -1 + 0.
2
Calculate (0 - 0) + (32 - 27).
5
Evaluate -4 + 1 - ((5 - 11) + 9).
-6
-4 + 9 + -35 + 28
-2
What is -4 - (-10 + 0 + 4)?
2
Evaluate 11 - ((1 - (-6 - 0)) + -3).
7
What is the value of (-1 - 5 - -11) + (-7 - 1)?
-3
(7 - 7 - -7) + -6
1
(-1 - -6 - (-2 - -1)) + -5
1
What is the value of (0 - -3 - 0) + (1 - 3)?
1
Calculate (-12 - -4) + (-1 + 5 - 0).
-4
What is 7 + -3 - 11 - 1?
-8
What is the value of -6 - ((2 - -2) + -12)?
2
What is the value of 3 + -7 - (-1 - (-3 - 2))?
-8
Evaluate -8 - (-27 + 16) - (5 + -1).
-1
What is 2 + -12 + -4 + 7 + 4?
-3
Calculate (5 - 4) + 0 + -2 - -4.
3
What is 4 + -1 + -3 - (-4 - -3)?
1
Calculate -5 - (-2 + -6) - 4.
-1
-4 + (5 - (13 + -6))
-6
What is the value of 0 + 2 - (11 + -10)?
1
What is 4 + (-1 - 7 - (-2 - -3))?
-5
What is -2 - (0 - 0) - (-18 - -16)?
0
Evaluate (0 - 1) + -20 + 10 + 8.
-3
Calculate (-7 - -2) + 4 + 1.
0
Calculate 19 - (5 - 18 - -22).
10
Calculate ((-3 - 3) + 3 - 0) + 1.
-2
Calculate -8 + -9 + 8 + 2.
-7
Evaluate (-3 - 0) + (1 - -3 - 1).
0
(-1 - (5 - 2)) + 3
-1
What is 3 - (6 - (7 + -4))?
0
What is 4 + (-16 - -4) - -8?
0
What is 5 + (-17 - -9) - (-5 + 1)?
1
(-8 + -7 - -10) + (5 - 0)
0
What is the value of -14 + (-4 - (-4 - 5))?
-9
Calculate -4 - ((31 - 29) + 0 + -14).
8
What is -4 - (-5 + -1 - 1)?
3
What is 4 + (-1 - (-3 - -5))?
1
Calculate (-3 - (-5 - -1) - 3) + 3.
1
What is -8 + (-1 - 7 - -17)?
1
Evaluate (-2 - 3) + (-1 - (-4 + 2)).
-4
What is the value of 17 + -10 + 1 - 1?
7
Evaluate 5 + -13 + (-2 - -8) + 3.
1
What is -1 + 3 + 1 + -2 + -2?
-1
What is -2 - (8 - 1 - 2)?
-7
(1 - -2) + 15 + -8 + -16
-6
Calculate -4 - (-2 - (3 - (2 - -2))).
-3
What is (-7 - 1 - -5) + 7 + -4?
0
What is the value of 2 + (-9 - (3 - 4)) + 2?
-4
Calculate 10 + -19 - (-6 - 7).
4
What is the value of -5 - (-6 - (-1 - 0 - 0))?
0
Calculate 0 + 0 + -1 + -3.
-4
Evaluate -5 + 5 + (4 - -3) + -4.
3
What is the value of (4 - (2 + -13)) + -9?
6
2 + (1 - 3) - 3
-3
-3 - 0 - 3 - -5
-1
What is (2 - 12) + 1 - (16 - 22)?
-3
Evaluate 0 + (11 - -2) + -22.
-9
-4 + 4 + (-3 - -2)
-1
What is (-1 - 0) + -4 + -4 + 9?
0
What is the value of -1 + -1 + 4 + -5 + 8?
5
What is -10 - (-12 + 8 + -6 + 4)?
-4
What is the value of -4 + -4 + 7 - 4?
-5
Calculate (0 - 0) + 2 + -7.
-5
Evaluate 1 + (-4 - -4 - (13 + -8)).
-4
Evaluate -1 - 1 - 0 - 1.
-3
Evaluate -4 - (-1 - (-1 - -3)).
-1
Evaluate -4 - (-5 + -4) - 1.
4
Calculate -1 + 7 + (3 - 0) + -12.
-3
Evaluate -4 - (-4 + (0 + 3 - 2)).
-1
What is the value of 10 - (-5 - -2) - (10 - 3)?
6
Calculate 2 - (2 + -4 - -5).
-1
Evaluate 1 - (-3 + 6 + 2).
-4
Calculate -1 + (10 - 12) + 3 + -1.
-1
Evaluate 0 - ((42 - 37) + 1 + -1).
-5
What is the value of 3 - (-8 + 16) - -2?
-3
What is -79 + 79 - (-1 - 5)?
6
Calculate -3 + (-3 + -2 + 4 - 1).
-5
Calculate -7 + (0 + -1 - (-4 - -2)).
-6
Evaluate (-3 + 8 - 15) + (5 - 2).
-7
What is the value of 1 + (-2 - -1) + 13 + -9?
4
Calculate 1 + (4 - -1) + (-5 - 1).
0
What is -10 - (-23 + 7 + 2)?
4
3 + 3 - (-9 + 24)
-9
Calculate 3 + (-1 - (8 + -12)).
6
What is the value of 2 + (-6 - (-7 + 4))?
-1
What is (5 - 0) + -13 + 13 + 2?
7
What is -1 - (-4 + 3 + 2) - 0?
-2
What is the value of -1 + 3 - (14 + -7 + -1)?
-4
Evaluate (0 - -5 - 4) + 0.
1
What is the value of (-10 + 3 - -2) + 5?
0
Calculate -5 + 0 + 1 + 2 - 3.
-5
-7 + 10 + 2 + -5
0
Evaluate (-3 + 22 - 6) + -4 - 4.
5
What is the value of 1 + (4 - -2) - 5?
2
What is the value of 7 + -7 + (-11 - -14)?
3
What is the value of 0 + 0 + (-8 + -1 - -9)?
0
(0 + -6 - -6) + -1
-1
6 + -8 + 5 - 5
-2
Calculate 6 + -3 + (2 - 8).
-3
1 - (5 - 3) - -3 - 4
-2
What is the value of (-1 - -1) + -2 - (-11 + 12)?
-3
What is the value of 2 - 1 - (-10 - (-6 + 3))?
8
What is -1 - (1 - (0 - -2))?
0
What is the value of -4 + 0 - (-94 + 88)?
2
What is 4 + (-3 - (5 + 0)) - -4?
0
Calculate (6 - 10) + (-6 - -5).
-5
Calculate -1 + 4 + -1 - (5 - 8).
5
What is (-1 - 1) + (5 - -1) + 1?
5
What is 3 - ((6 - 3) + -5)?
5
Evaluate (-1 - -2 - -4) + -3.
2
(12 - 1 - 8) + 2 + 3
8
What is the value of 4 + -5 - (2 + -1)?
-2
(-6 - 1) + 1 - -1
-5
What is 16 + (-10 - -1) - (0 + -1)?
8
Evaluate -5 - (-11 - (-10 - -2)) - -3.
1
What is the value of (-5 - -2) + -2 - (1 - 4)?
-2
Calculate 0 - (2 + 1 + -3 + -3).
3
Calculate 8 + -17 + 11 + -6.
-4
What is the value of -2 - -3 - (0 - 3) - 5?
-1
4 + -6 + -1 - 3
-6
4 + 3 + -3 + -1 + 2
5
What is the value of 7 + (-2 - -5) - 7?
3
What is the value of 0 - (-2 + (17 - 6))?
-9
3 + (-10 - -7) + 2
2
Evaluate (-1 - -1) + 5 - 4.
1
Calculate -4 + (2 - 8 - 1 - -10).
-1
1 - 3 - (5 + -8)
1
Evaluate 3 - 12 - (-1 + -10 + 4).
-2
Calculate -1 + (3 - -3) + 0 + -4.
1
Calculate (-7 - -1 - -1) + -43 + 43.
-5
Evaluate 0 + (-6 - -9) + (2 - 2).
3
Evaluate (19 - 17) + 0 + 0.
2
Calculate 1 + 9 + 0 + -7 + 4.
7
Evaluate -4 - (7 + 1) - -14.
2
2 + -5 + 0 + 2 + 1
0
What is -3 + (3 - (-7 - -12))?
-5
What is (-1 - 5) + 5 + -1?
-2
Evaluate (0 - -1) + -10 - (-2 + 0).
-7
What is the value of 4 + 0 + (3 + -9 - -3)?
1
What is the value of 1 + 4 - (5 - (-3 + 3))?
0
Evaluate 5 + -1 + (-3 - -2).
3
3 + (3 + -7 - 1) + 5
3
What is (13 - 0) + (6 + -6 - 5)?
8
What is -18 - -17 - (-2 + 2)?
-1
What is the value of (-7 - -5 - 7) + 7?
-2
What is -1 + 1 + (1 - 7) + 9?
3
What is the value of (3 - 10) + (-1 - (-15 + 7))?
0
Evaluate -1 + 4 + -4 + 1.
0
What is -3 - 0 - (4 + -1 + -4)?
-2
Evaluate 6 + -1 + -1 - (1 + -4).
7
Evaluate -1 + 4 + -7 - -5.
1
What is the value of -4 - ((-4 - 0 - 1) + 3)?
-2
Evaluate (-7 + -9 - -8) + -1 + 5.
-4
(16 - 21) + (-2 - -2)
-5
2 + (1 - 1) - (20 + -22)
4
Calculate -4 - -4 - (-2 + 1 + 3).
-2
Calculate 13 - (9 + 10 - -2).
-8
What is -5 + 5 + -1 - (-1 - 0)?
0
What is the value of (2 - -6) + -11 - 3?
-6
Evaluate -7 + (5 - (3 + -3)) + 4.
2
What is 3 + (-4 + -5 - -1) - -4?
-1
What is 9 - ((-7 - -9) + 6)?
1
Calculate (-6 - 1) + 0 + 5.
-2
What is the value of 0 + (3 + -7 - -8)?
4
What is the value of 8 + -1 + (5 - (3 + 5))?
4
What is (10 - (6 - 2)) + -1?
5
Evaluate -5 + -2 + (